{"id":245105,"date":"2021-05-04T11:44:25","date_gmt":"2021-05-04T14:44:25","guid":{"rendered":"https:\/\/investnews.com.br\/?post_type=acoes&#038;p=245105"},"modified":"2023-01-11T16:11:11","modified_gmt":"2023-01-11T19:11:11","slug":"sled3-saraiva-livreiros-em-recuperacao-judicial","status":"publish","type":"acoes","link":"https:\/\/investnews.com.br\/cotacao\/sled3-saraiva-livreiros-em-recuperacao-judicial\/","title":{"rendered":"Saraiva Livreiros &#8211; Em recupera\u00e7\u00e3o judicial"},"content":{"rendered":"\n<p>A Saraiva (<strong>SLED3<\/strong>, <a href=\"https:\/\/investnews.com.br\/cotacao\/sled4-saraiva-livreiros-em-recuperacao-judicial\/\">SLED4<\/a>) \u00e9 uma companhia de capital aberto listada na B3, de N\u00edvel 2 de governan\u00e7a corporativa. A companhia \u00e9 uma varejista e e-commerce de vendas de livros e artigos culturais e de lazer que recentemente come\u00e7ou o processo de sa\u00edda da recupera\u00e7\u00e3o judicial iniciada em 2018.<\/p>\n\n\n\n<p>Com 33 lojas espalhadas em 16 estados e milh\u00f5es de assinantes do Saraiva Plus, a companhia come\u00e7ou o processo de sa\u00edda da recupera\u00e7\u00e3o judicial em 2022.<\/p>\n\n\n\n<h2 class=\"wp-block-heading\">Hist\u00f3ria da Saraiva<\/h2>\n\n\n\n<p>A Saraiva foi fundada em 1914, durante o come\u00e7o da Primeira Guerra Mundial, pelo imigrante portugu\u00eas Joaquim Ign\u00e1cio da Fonseca Saraiva, em S\u00e3o Paulo. Desde ent\u00e3o a companhia come\u00e7ou uma tradi\u00e7\u00e3o de vincula\u00e7\u00e3o ao trabalho acad\u00eamico via associa\u00e7\u00e3o com alunos de direito de S\u00e3o Paulo.<\/p>\n\n\n\n<p>\u00c9 tamb\u00e9m nessa \u00e9poca que come\u00e7am os trabalhos da Editora Saraiva, que se sagra como um dos destaques dos livros de direito no pa\u00eds. Trinta anos depois, em 1947, a companhia torna-se uma sociedade an\u00f4nima, e em 1972, uma companhia aberta.<\/p>\n\n\n\n<p>At\u00e9 ent\u00e3o a atua\u00e7\u00e3o da companhia fora como editora com um ambiente. A partir dessa \u00e9poca, ela come\u00e7a a se expandir por meio de filiais ao redor do Brasil. As novas lojas serviram de ponto de distribui\u00e7\u00e3o dos livros editados pela empresa.<\/p>\n\n\n\n<p>Ao longo da d\u00e9cada de 1990 a companhia adquiriu a editora Atual, al\u00e9m de ingressar no mercado de livros paradid\u00e1ticos das \u00e1reas de Economia, Administra\u00e7\u00e3o e Marketing. Al\u00e9m disso, come\u00e7ou suas opera\u00e7\u00f5es via e-commerce no site saraiva.com.<\/p>\n\n\n\n<p>Entre 2000 e 2010 a companhia adquiriu diversas editoras e classificou-se para o N\u00edvel 2 de governan\u00e7a da B3. Tamb\u00e9m come\u00e7ou suas opera\u00e7\u00f5es de vendas de e-books. Sua integra\u00e7\u00e3o com o sistema Agora \u00e9 desse per\u00edodo.<\/p>\n\n\n\n<p>Ao longo dos anos 2010 a companhia gerou diversas opera\u00e7\u00f5es para diversifica\u00e7\u00e3o de sua renda, por meio de novas plataformas como a Publique-se e a Lev. Em 2018 a companhia entrou em processo de recupera\u00e7\u00e3o judicial devido a crise econ\u00f4mica nacional.<\/p>\n\n\n\n<h2 class=\"wp-block-heading\">Quem s\u00e3o os acionistas de SLED3<\/h2>\n\n\n\n<p>A companhia possui um <em>free float <\/em>de 49,74% e um <a href=\"https:\/\/investnews.com.br\/guias\/o-que-e-tag-along\/\">tag along<\/a> de 100%. Ela passou por um desdobramento na propor\u00e7\u00e3o de 1:3 em 2013. Sem <a href=\"https:\/\/investnews.com.br\/guias\/acoes-ordinarias-e-preferenciais-entenda\/\">a\u00e7\u00f5es preferenciais<\/a>, a companhia \u00e9 gerida pelo Estado de S\u00e3o Paulo, que det\u00e9m mais de 50% das a\u00e7\u00f5es, sem outros acionistas que ocupem uma posi\u00e7\u00e3o majorit\u00e1ria na companhia.<\/p>\n\n\n\n<ul class=\"wp-block-list\">\n<li>Alyssa Nunes Bruscato Costa, com 15,03% das a\u00e7\u00f5es ordin\u00e1rias da empresa;<\/li>\n\n\n\n<li>Jorge Eduardo Saraiva, com 41,61% das a\u00e7\u00f5es ordin\u00e1rias da empresa, e 3,83% das a\u00e7\u00f5es preferenciais<\/li>\n\n\n\n<li>Olga Maria Barbosa Saraiva, com 10,41% das a\u00e7\u00f5es ordin\u00e1rias da empresa, e 0,11% das a\u00e7\u00f5es preferenciais<\/li>\n\n\n\n<li>Gen Grupo Editorial Nacional Participacoes S A, com 7,45% das a\u00e7\u00f5es preferenciais da companhia;<\/li>\n\n\n\n<li>Solutions 2 Go Do Brasil Industria Comercio E Dist Ltda, com 7,31% das a\u00e7\u00f5es preferenciais da companhia;<\/li>\n\n\n\n<li>Editora Moderna Ltda, com 7,02% das a\u00e7\u00f5es preferenciais da companhia;<\/li>\n\n\n\n<li>Distribuidora Record De Servi\u00e7os De Imprensa Sa, com 6,99% das a\u00e7\u00f5es preferenciais da companhia;<\/li>\n\n\n\n<li>Editora Schwarcz S A, com 6,07% das a\u00e7\u00f5es preferenciais da companhia;<\/li>\n\n\n\n<li>Grupo A Educacao S A, com 5,96% das a\u00e7\u00f5es preferenciais da companhia;<\/li>\n<\/ul>\n\n\n\n<h2 class=\"wp-block-heading\">Dividendos de SLED3<\/h2>\n\n\n\n<p>A Saraiva (SLED3) n\u00e3o realiza distribui\u00e7\u00e3o de dividendos desde 2018. No per\u00edodo entre 2008 e 2018, a companhia distribuiu o maior volume em 2009, no valor de R$ 1,43 por a\u00e7\u00e3o, e m\u00ednimo em 2017 por R$ 0,18.<\/p>\n\n\n\n<p><em>*Texto atualizado pela \u00faltima vez em dezembro de 2022.<\/em><\/p>\n","protected":false},"excerpt":{"rendered":"<p>A Saraiva (SLED3, SLED4) \u00e9 uma companhia de capital aberto listada na B3, de N\u00edvel 2 de governan\u00e7a corporativa. A companhia \u00e9 uma varejista e e-commerce de vendas de livros e artigos culturais e de lazer que recentemente come\u00e7ou o processo de sa\u00edda da recupera\u00e7\u00e3o judicial iniciada em 2018. Com 33 lojas espalhadas em 16 [&hellip;]<\/p>\n","protected":false},"featured_media":0,"menu_order":0,"template":"","meta":{"_acf_changed":false,"inline_featured_image":false},"class_list":["post-245105","acoes","type-acoes","status-publish","hentry"],"acf":[],"_links":{"self":[{"href":"https:\/\/investnews.com.br\/inv-api\/wp\/v2\/acoes\/245105","targetHints":{"allow":["GET"]}}],"collection":[{"href":"https:\/\/investnews.com.br\/inv-api\/wp\/v2\/acoes"}],"about":[{"href":"https:\/\/investnews.com.br\/inv-api\/wp\/v2\/types\/acoes"}],"wp:attachment":[{"href":"https:\/\/investnews.com.br\/inv-api\/wp\/v2\/media?parent=245105"}],"curies":[{"name":"wp","href":"https:\/\/api.w.org\/{rel}","templated":true}]}}

Saraiva Livreiros &#8211; Em recuperação judicial

<p>A Saraiva (<strong>SLED3</strong>, <a href="https://investnews.com.br/cotacao/sled4-saraiva-livreiros-em-recuperacao-judicial/">SLED4</a>) é uma companhia de capital aberto listada na B3, de Nível 2 de governança corporativa. A companhia é uma varejista e e-commerce de vendas de livros e artigos culturais e de lazer que recentemente começou o processo de saída da recuperação judicial iniciada em 2018.</p>



<p>Com 33 lojas espalhadas em 16 estados e milhões de assinantes do Saraiva Plus, a companhia começou o processo de saída da recuperação judicial em 2022.</p>



<h2 class="wp-block-heading">História da Saraiva</h2>



<p>A Saraiva foi fundada em 1914, durante o começo da Primeira Guerra Mundial, pelo imigrante português Joaquim Ignácio da Fonseca Saraiva, em São Paulo. Desde então a companhia começou uma tradição de vinculação ao trabalho acadêmico via associação com alunos de direito de São Paulo.</p>



<p>É também nessa época que começam os trabalhos da Editora Saraiva, que se sagra como um dos destaques dos livros de direito no país. Trinta anos depois, em 1947, a companhia torna-se uma sociedade anônima, e em 1972, uma companhia aberta.</p>



<p>Até então a atuação da companhia fora como editora com um ambiente. A partir dessa época, ela começa a se expandir por meio de filiais ao redor do Brasil. As novas lojas serviram de ponto de distribuição dos livros editados pela empresa.</p>



<p>Ao longo da década de 1990 a companhia adquiriu a editora Atual, além de ingressar no mercado de livros paradidáticos das áreas de Economia, Administração e Marketing. Além disso, começou suas operações via e-commerce no site saraiva.com.</p>



<p>Entre 2000 e 2010 a companhia adquiriu diversas editoras e classificou-se para o Nível 2 de governança da B3. Também começou suas operações de vendas de e-books. Sua integração com o sistema Agora é desse período.</p>



<p>Ao longo dos anos 2010 a companhia gerou diversas operações para diversificação de sua renda, por meio de novas plataformas como a Publique-se e a Lev. Em 2018 a companhia entrou em processo de recuperação judicial devido a crise econômica nacional.</p>



<h2 class="wp-block-heading">Quem são os acionistas de SLED3</h2>



<p>A companhia possui um <em>free float </em>de 49,74% e um <a href="https://investnews.com.br/guias/o-que-e-tag-along/">tag along</a> de 100%. Ela passou por um desdobramento na proporção de 1:3 em 2013. Sem <a href="https://investnews.com.br/guias/acoes-ordinarias-e-preferenciais-entenda/">ações preferenciais</a>, a companhia é gerida pelo Estado de São Paulo, que detém mais de 50% das ações, sem outros acionistas que ocupem uma posição majoritária na companhia.</p>



<ul class="wp-block-list">
<li>Alyssa Nunes Bruscato Costa, com 15,03% das ações ordinárias da empresa;</li>



<li>Jorge Eduardo Saraiva, com 41,61% das ações ordinárias da empresa, e 3,83% das ações preferenciais</li>



<li>Olga Maria Barbosa Saraiva, com 10,41% das ações ordinárias da empresa, e 0,11% das ações preferenciais</li>



<li>Gen Grupo Editorial Nacional Participacoes S A, com 7,45% das ações preferenciais da companhia;</li>



<li>Solutions 2 Go Do Brasil Industria Comercio E Dist Ltda, com 7,31% das ações preferenciais da companhia;</li>



<li>Editora Moderna Ltda, com 7,02% das ações preferenciais da companhia;</li>



<li>Distribuidora Record De Serviços De Imprensa Sa, com 6,99% das ações preferenciais da companhia;</li>



<li>Editora Schwarcz S A, com 6,07% das ações preferenciais da companhia;</li>



<li>Grupo A Educacao S A, com 5,96% das ações preferenciais da companhia;</li>
</ul>



<h2 class="wp-block-heading">Dividendos de SLED3</h2>



<p>A Saraiva (SLED3) não realiza distribuição de dividendos desde 2018. No período entre 2008 e 2018, a companhia distribuiu o maior volume em 2009, no valor de R$ 1,43 por ação, e mínimo em 2017 por R$ 0,18.</p>



<p><em>*Texto atualizado pela última vez em dezembro de 2022.</em></p>

<p>A Saraiva (SLED3, SLED4) é uma companhia de capital aberto listada na B3, de Nível 2 de governança corporativa. A companhia é uma varejista e e-commerce de vendas de livros e artigos culturais e de lazer que recentemente começou o processo de saída da recuperação judicial iniciada em 2018. Com 33 lojas espalhadas em 16 [&hellip;]</p>
