{"id":590027,"date":"2024-07-01T07:50:00","date_gmt":"2024-07-01T10:50:00","guid":{"rendered":"https:\/\/investnews.com.br\/?post_type=infograficos&#038;p=590027"},"modified":"2025-08-18T15:26:04","modified_gmt":"2025-08-18T18:26:04","slug":"empresas-voltam-com-forca-aos-escritorios-e-cabines-hush-office-viram-moda-em-sp","status":"publish","type":"infograficos","link":"https:\/\/investnews.com.br\/infograficos\/empresas-voltam-com-forca-aos-escritorios-e-cabines-hush-office-viram-moda-em-sp\/","title":{"rendered":"Empresas voltam com for\u00e7a aos escrit\u00f3rios e cabines &#8216;hush office&#8217; viram moda em SP"},"content":{"rendered":"\n<p>As ic\u00f4nicas <em>phonebooths<\/em> londrinas est\u00e3o virando uma nova tradi\u00e7\u00e3o paulistana, mas fora das cal\u00e7adas e dentro dos escrit\u00f3rios. Com pelo menos um metro de largura e de profundidade por 2,20 metros de altura, acabamento em madeira, melamina de baixa press\u00e3o ou vidro, essas cabines podem ter parede \u00fanica ou dupla e diversos tamanhos, para atender \u00e0s novas necessidades do trabalho presencial.<\/p>\n\n\n\n<p>E elas est\u00e3o aparecendo com urg\u00eancia acentuada \u00e0 medida que os pr\u00e9dios comerciais voltam a ser frequentados diariamente, obrigando as empresas a repensarem o CEP com melhor custo-benef\u00edcio e o desenho das lajes alugadas. O trabalho presencial est\u00e1 de volta, ainda que muitas empresas adotem flexibilidade nas atividades e modelos h\u00edbridos.<\/p>\n\n\n\n<p>Nesse cen\u00e1rio, a cabine, batizada l\u00e1 fora de &#8220;hush office&#8221;, se transformou num o\u00e1sis de sil\u00eancio laboral no meio do frenesi do trabalho coletivo.<\/p>\n\n\n\n<figure class=\"wp-block-image size-large\"><img loading=\"lazy\" decoding=\"async\" width=\"1024\" height=\"810\" src=\"https:\/\/media.investnews.com.br\/uploads\/2024\/06\/img-1024x810.webp\" alt=\"\" class=\"wp-image-595555\" srcset=\"https:\/\/media.investnews.com.br\/uploads\/2024\/06\/img-1024x810.webp 1024w, https:\/\/media.investnews.com.br\/uploads\/2024\/06\/img-300x237.webp 300w, https:\/\/media.investnews.com.br\/uploads\/2024\/06\/img-768x607.webp 768w, https:\/\/media.investnews.com.br\/uploads\/2024\/06\/img-1181x934.webp 1181w, https:\/\/media.investnews.com.br\/uploads\/2024\/06\/img-172x136.webp 172w, https:\/\/media.investnews.com.br\/uploads\/2024\/06\/img-150x119.webp 150w, https:\/\/media.investnews.com.br\/uploads\/2024\/06\/img.webp 1200w\" sizes=\"auto, (max-width: 1024px) 100vw, 1024px\" \/><figcaption class=\"wp-element-caption\">Cabines com revestimento ac\u00fastico para trabalho individual dentro do escrit\u00f3rio est\u00e3o entre os mobili\u00e1rios mais procurados em S\u00e3o Paulo atualmente. Cr\u00e9dito: Divulga\u00e7\u00e3o\/Mcadoffices<\/figcaption><\/figure>\n\n\n\n<p>Mas, calma: essa n\u00e3o \u00e9 uma reportagem sobre &#8220;o fim do home office&#8221;. \u00c9 sobre como o espa\u00e7o dos escrit\u00f3rios est\u00e1 mudando e como a volta do presencial j\u00e1 afeta pre\u00e7os em S\u00e3o Paulo.<\/p>\n\n\n\n<p>Paula Casarini, CEO da consultoria Colliers Brasil, empresa de servi\u00e7os imobili\u00e1rios, rejeita a dicotomia &#8220;remoto x <em>in loco<\/em>&#8220;. Na empresa que ela comanda, com sede no Brooklin (zona sul de S\u00e3o Paulo), \u00e9 poss\u00edvel cumprir algumas tarefas de casa e escolher hor\u00e1rios fora do pico para o deslocamento at\u00e9 o escrit\u00f3rio.<\/p>\n\n\n\n<p>A executiva explica que o futuro dos neg\u00f3cios vai passar pelo equil\u00edbrio desse p\u00eandulo.<\/p>\n\n\n\n<blockquote class=\"wp-block-quote is-layout-flow wp-block-quote-is-layout-flow\">\n<p>&#8220;Toda mudan\u00e7a no mercado de escrit\u00f3rios, de alguma forma, passa por todo esse dilema de como \u00e9 que o meu pessoal vai usar o escrit\u00f3rio.&#8221;<\/p>\n<cite>paula casarini, ceo da colliers brasil<\/cite><\/blockquote>\n\n\n\n<p>Se antes da quarentena o escrit\u00f3rio se resumia a mesas coletivas, salas de reuni\u00e3o e o cantinho do caf\u00e9, agora, o design vai incluir salas para reuni\u00f5es internas, outras para atendimento ao cliente, espa\u00e7os abertos ou fechados para trabalhar concentrado, sempre em quantidades vari\u00e1veis. &#8220;Esse mix n\u00e3o est\u00e1 definido e n\u00e3o vai ser definido nem no m\u00e9dio ou longo prazo&#8221;, diz ela.<\/p>\n\n\n\n<p>No caso das cabines, o conceito j\u00e1 era visto em feiras europeias desde ao menos 2014, mas entrou no Brasil h\u00e1 quatro anos e ganhou for\u00e7a com o retorno do trabalho presencial. Augusto Bomfim, um dos s\u00f3cios da fabricante Mcad Offices, diz que hoje vende entre 12 e 15 dessas cabines todo m\u00eas. Para o modelo de entrada, com espa\u00e7o para uma pessoa, o valor come\u00e7a em R$ 19 mil.<\/p>\n\n\n\n<p>Segundo Bomfim, a cabine entra no conceito do &#8220;open space&#8221;, em alta atualmente e que inclui outros produtos, como os sof\u00e1s com laterais altas, que permitem maior isolamento.<\/p>\n\n\n\n<h2 class=\"wp-block-heading\"><strong>Sangue novo no cora\u00e7\u00e3o financeiro<\/strong><\/h2>\n\n\n\n<p>A mudan\u00e7a no mobili\u00e1rio est\u00e1 relacionada n\u00e3o s\u00f3 ao novo modelo de trabalho, mas \u00e0 aten\u00e7\u00e3o das empresas aos custos de loca\u00e7\u00e3o de im\u00f3veis comerciais e \u00e0 menor oferta em algumas \u00e1reas disputadas, especialmente em S\u00e3o Paulo. <\/p>\n\n\n\n<p>No fim de abril, o relat\u00f3rio trimestral da Colliers mostrou que a soma da \u00e1rea de escrit\u00f3rios alugada entre janeiro e mar\u00e7o em S\u00e3o Paulo foi a maior dos \u00faltimos oito anos, superando inclusive a din\u00e2mica do mercado antes da pandemia.<\/p>\n\n\n\n<p>Nas veias mais importantes do cora\u00e7\u00e3o financeiro \u2013 o entorno da Avenida Brigadeiro Faria Lima \u2013, a taxa de vac\u00e2ncia abaixo de 10% j\u00e1 come\u00e7a a puxar o pre\u00e7o m\u00e9dio para cima:<\/p>\n\n\n\n<div class=\"flourish-embed flourish-map\" data-src=\"visualisation\/18515372?1266799\"><script src=\"https:\/\/public.flourish.studio\/resources\/embed.js\"><\/script><\/div>\n\n\n\n<p>Considerando que esse mercado tradicionalmente \u00e9 mais aquecido na segunda metade do ano, o recorde do primeiro trimestre \u00e9 um sinal forte de que a retomada do trabalho no escrit\u00f3rio seguir\u00e1 como tend\u00eancia ao longo de 2024.<\/p>\n\n\n\n<div class=\"flourish-embed flourish-chart\" data-src=\"visualisation\/18431460?1266799\"><script src=\"https:\/\/public.flourish.studio\/resources\/embed.js\"><\/script><\/div>\n\n\n\n<p>A SiiLA, empresa de monitoramento do mercado imobili\u00e1rio comercial (incluindo escrit\u00f3rios, condom\u00ednios log\u00edsticos e shoppings), ressalta que a din\u00e2mica varia de acordo com a regi\u00e3o. Na Faria Lima, cora\u00e7\u00e3o financeiro de S\u00e3o Paulo, por exemplo, a recente alta do pre\u00e7o m\u00e9dio levou \u00e0 sa\u00edda de v\u00e1rias grandes empresas, que entregaram escrit\u00f3rios ali para gastar menos com aluguel em regi\u00f5es como as avenidas Rebou\u00e7as e Chucri Zaidan, e mesmo na regi\u00e3o da Avenida Paulista.<\/p>\n\n\n\n<p>Outros indicadores tamb\u00e9m refor\u00e7am a retomada da ocupa\u00e7\u00e3o nos escrit\u00f3rios. Um levantamento da LCA Consultores com os dados mais recentes do Novo Caged mostra que, das dez atividades que mais geraram vagas formais em abril, quatro est\u00e3o diretamente ligadas \u00e0 volta das empresas.<\/p>\n\n\n\n<p>No topo do ranking est\u00e3o os servi\u00e7os de escrit\u00f3rio e apoio administrativo, com mais de 62 mil novos postos de trabalho no acumulado de 12 meses. Somados aos servi\u00e7os para apoio aos edif\u00edcios, como as equipes de limpeza e seguran\u00e7a, o saldo chega a cerca de 92 mil vagas no per\u00edodo, a quarta alta mensal consecutiva para o acumulado de 12 meses.<\/p>\n\n\n\n<div class=\"flourish-embed flourish-chart\" data-src=\"visualisation\/18460346?1266799\"><script src=\"https:\/\/public.flourish.studio\/resources\/embed.js\"><\/script><\/div>\n\n\n\n<p>Paula Casarini diz que n\u00e3o \u00e9 s\u00f3 a taxa de escrit\u00f3rios vagos que est\u00e1 caindo: a quantidade de pessoas de fato frequentando regularmente os im\u00f3veis j\u00e1 alugados tamb\u00e9m cresceu de uma m\u00e9dia de 35% da lota\u00e7\u00e3o m\u00e1xima para, no fim de 2023, superar os 50% em nove de cada dez im\u00f3veis no invent\u00e1rio.<\/p>\n\n\n\n<p>E o tr\u00e2nsito paulistano \u00e0s sextas-feiras, o dia preferido do home office e que no ano passado ficou mais leve do que em outros dias \u00fateis, em 2024 voltou ao topo, empatado com as quintas-feiras, segundo levantamento at\u00e9 19 de junho.<\/p>\n\n\n\n<div class=\"flourish-embed flourish-chart\" data-src=\"visualisation\/18515045?1266799\"><script src=\"https:\/\/public.flourish.studio\/resources\/embed.js\"><\/script><\/div>\n\n\n\n<h2 class=\"wp-block-heading\"><strong>Retorno para o &#8216;new office<\/strong>&#8216;<\/h2>\n\n\n\n<p>A REAG Investimentos, consultoria de gest\u00e3o de ativos, \u00e9 uma das empresas que expandiram sua ocupa\u00e7\u00e3o f\u00edsica nesse ano no cora\u00e7\u00e3o financeiro de S\u00e3o Paulo. Al\u00e9m de j\u00e1 ser locat\u00e1ria de um conjunto no Plaza Iguatemi Business, uma das torres mais cl\u00e1ssicas da Faria Lima, ela agora tem um segundo endere\u00e7o a 200 metros de dist\u00e2ncia: \u00e9 o novo Edif\u00edcio Bothanic, uma constru\u00e7\u00e3o de quase 2,4 mil metros quadrados, minimalista e arborizada, que absorveu cerca de 100 funcion\u00e1rios de uma empresa rec\u00e9m-adquirida pela REAG. <\/p>\n\n\n\n<p>Ele \u00e9 um exemplo daquilo que o mercado passou a chamar de <em>Boutique Offices<\/em>. Sabe um &#8220;hotel boutique&#8221;? Ent\u00e3o. \u00c9 a mesma filosofia: pr\u00e9dios pequenos, com ambientes bem personalizados. A imagem abaixo fala por mil palavras:  <\/p>\n\n\n\n<figure class=\"wp-block-image size-large\"><img loading=\"lazy\" decoding=\"async\" width=\"1024\" height=\"560\" src=\"https:\/\/media.investnews.com.br\/uploads\/2024\/06\/foto2-1024x560.png\" alt=\"\" class=\"wp-image-590077\" srcset=\"https:\/\/media.investnews.com.br\/uploads\/2024\/06\/foto2-1024x560.png 1024w, https:\/\/media.investnews.com.br\/uploads\/2024\/06\/foto2-300x164.png 300w, https:\/\/media.investnews.com.br\/uploads\/2024\/06\/foto2-768x420.png 768w, https:\/\/media.investnews.com.br\/uploads\/2024\/06\/foto2-1536x840.png 1536w, https:\/\/media.investnews.com.br\/uploads\/2024\/06\/foto2-1256x687.png 1256w, https:\/\/media.investnews.com.br\/uploads\/2024\/06\/foto2-172x94.png 172w, https:\/\/media.investnews.com.br\/uploads\/2024\/06\/foto2-150x82.png 150w, https:\/\/media.investnews.com.br\/uploads\/2024\/06\/foto2.png 1868w\" sizes=\"auto, (max-width: 1024px) 100vw, 1024px\" \/><figcaption class=\"wp-element-caption\">Fachada do Edif\u00edcio Bothanic, nos Jardins. Foto: Reprodu\u00e7\u00e3o\/Google Earth<\/figcaption><\/figure>\n\n\n\n<p>O contrato de aluguel foi assinado em dezembro, o escrit\u00f3rio novinho em folha ficou pronto em junho e j\u00e1 est\u00e1 repleto de funcion\u00e1rios. Diretor e s\u00f3cio da REAG, Silvano Gersztel j\u00e1 havia trocado o trabalho remoto pelo Plaza Iguatemi no fim da quarentena, em 2022, com os demais funcion\u00e1rios da consultoria. Mas diz que o novo endere\u00e7o \u00e9 t\u00e3o agrad\u00e1vel que decidiu descolar um segundo <em>office<\/em> no Bothanic.<\/p>\n\n\n\n<p>&#8220;\u00c9 t\u00e3o bonito que tenho me dividido entre os dois&#8221;, disse ele, ressaltando que a empresa j\u00e1 planeja usar o espa\u00e7o aberto no t\u00e9rreo para construir um caf\u00e9 ou restaurante, considerando que a circula\u00e7\u00e3o maior de pessoas de volta ao bairro tamb\u00e9m aqueceu a demanda por servi\u00e7os na regi\u00e3o. &#8220;A gente quer fazer um espa\u00e7o h\u00edbrido, aberto para a rua, uma coisa que dialogue com a cidade.&#8221;<\/p>\n\n\n\n<p>Do lado de l\u00e1 das catracas, na \u00e1rea restrita aos funcion\u00e1rios, tanto o escrit\u00f3rio rec\u00e9m-projetado quanto o tradicional da REAG j\u00e1 seguem as novas tend\u00eancias do trabalho presencial.&nbsp;<\/p>\n\n\n\n<blockquote class=\"wp-block-quote is-layout-flow wp-block-quote-is-layout-flow\">\n<p>&#8220;A grande novidade s\u00e3o as salas para conference call. Isso veio para ficar, foi adaptado tanto na sede atual quanto nesse novo lugar.&#8221;<\/p>\n\n\n\n<p><\/p>\n<cite>Silvano Gersztel, diretor e s\u00f3cio da reag investimentos<\/cite><\/blockquote>\n\n\n\n<p><\/p>\n","protected":false},"excerpt":{"rendered":"<p>Loca\u00e7\u00e3o de escrit\u00f3rios no primeiro trimestre foi a maior em oito anos, com for\u00e7a da volta ao trabalho presencial <\/p>\n","protected":false},"author":121,"featured_media":596313,"template":"","tags":[778],"coauthors":[102614],"class_list":["post-590027","infograficos","type-infograficos","status-publish","has-post-thumbnail","hentry","tag-mercado-imobiliario"],"acf":[],"_links":{"self":[{"href":"https:\/\/investnews.com.br\/inv-api\/wp\/v2\/infograficos\/590027","targetHints":{"allow":["GET"]}}],"collection":[{"href":"https:\/\/investnews.com.br\/inv-api\/wp\/v2\/infograficos"}],"about":[{"href":"https:\/\/investnews.com.br\/inv-api\/wp\/v2\/types\/infograficos"}],"author":[{"embeddable":true,"href":"https:\/\/investnews.com.br\/inv-api\/wp\/v2\/users\/121"}],"version-history":[{"count":41,"href":"https:\/\/investnews.com.br\/inv-api\/wp\/v2\/infograficos\/590027\/revisions"}],"predecessor-version":[{"id":707725,"href":"https:\/\/investnews.com.br\/inv-api\/wp\/v2\/infograficos\/590027\/revisions\/707725"}],"wp:featuredmedia":[{"embeddable":true,"href":"https:\/\/investnews.com.br\/inv-api\/wp\/v2\/media\/596313"}],"wp:attachment":[{"href":"https:\/\/investnews.com.br\/inv-api\/wp\/v2\/media?parent=590027"}],"wp:term":[{"taxonomy":"post_tag","embeddable":true,"href":"https:\/\/investnews.com.br\/inv-api\/wp\/v2\/tags?post=590027"},{"taxonomy":"author","embeddable":true,"href":"https:\/\/investnews.com.br\/inv-api\/wp\/v2\/coauthors?post=590027"}],"curies":[{"name":"wp","href":"https:\/\/api.w.org\/{rel}","templated":true}]}}

Empresas voltam com força aos escritórios e cabines &#8216;hush office&#8217; viram moda em SP

<p>As icônicas <em>phonebooths</em> londrinas estão virando uma nova tradição paulistana, mas fora das calçadas e dentro dos escritórios. Com pelo menos um metro de largura e de profundidade por 2,20 metros de altura, acabamento em madeira, melamina de baixa pressão ou vidro, essas cabines podem ter parede única ou dupla e diversos tamanhos, para atender às novas necessidades do trabalho presencial.</p>



<p>E elas estão aparecendo com urgência acentuada à medida que os prédios comerciais voltam a ser frequentados diariamente, obrigando as empresas a repensarem o CEP com melhor custo-benefício e o desenho das lajes alugadas. O trabalho presencial está de volta, ainda que muitas empresas adotem flexibilidade nas atividades e modelos híbridos.</p>



<p>Nesse cenário, a cabine, batizada lá fora de &#8220;hush office&#8221;, se transformou num oásis de silêncio laboral no meio do frenesi do trabalho coletivo.</p>



<figure class="wp-block-image size-large"><img loading="lazy" decoding="async" width="1024" height="810" src="https://media.investnews.com.br/uploads/2024/06/img-1024x810.webp" alt="" class="wp-image-595555" srcset="https://media.investnews.com.br/uploads/2024/06/img-1024x810.webp 1024w, https://media.investnews.com.br/uploads/2024/06/img-300x237.webp 300w, https://media.investnews.com.br/uploads/2024/06/img-768x607.webp 768w, https://media.investnews.com.br/uploads/2024/06/img-1181x934.webp 1181w, https://media.investnews.com.br/uploads/2024/06/img-172x136.webp 172w, https://media.investnews.com.br/uploads/2024/06/img-150x119.webp 150w, https://media.investnews.com.br/uploads/2024/06/img.webp 1200w" sizes="auto, (max-width: 1024px) 100vw, 1024px" /><figcaption class="wp-element-caption">Cabines com revestimento acústico para trabalho individual dentro do escritório estão entre os mobiliários mais procurados em São Paulo atualmente. Crédito: Divulgação/Mcadoffices</figcaption></figure>



<p>Mas, calma: essa não é uma reportagem sobre &#8220;o fim do home office&#8221;. É sobre como o espaço dos escritórios está mudando e como a volta do presencial já afeta preços em São Paulo.</p>



<p>Paula Casarini, CEO da consultoria Colliers Brasil, empresa de serviços imobiliários, rejeita a dicotomia &#8220;remoto x <em>in loco</em>&#8220;. Na empresa que ela comanda, com sede no Brooklin (zona sul de São Paulo), é possível cumprir algumas tarefas de casa e escolher horários fora do pico para o deslocamento até o escritório.</p>



<p>A executiva explica que o futuro dos negócios vai passar pelo equilíbrio desse pêndulo.</p>



<blockquote class="wp-block-quote is-layout-flow wp-block-quote-is-layout-flow">
<p>&#8220;Toda mudança no mercado de escritórios, de alguma forma, passa por todo esse dilema de como é que o meu pessoal vai usar o escritório.&#8221;</p>
<cite>paula casarini, ceo da colliers brasil</cite></blockquote>



<p>Se antes da quarentena o escritório se resumia a mesas coletivas, salas de reunião e o cantinho do café, agora, o design vai incluir salas para reuniões internas, outras para atendimento ao cliente, espaços abertos ou fechados para trabalhar concentrado, sempre em quantidades variáveis. &#8220;Esse mix não está definido e não vai ser definido nem no médio ou longo prazo&#8221;, diz ela.</p>



<p>No caso das cabines, o conceito já era visto em feiras europeias desde ao menos 2014, mas entrou no Brasil há quatro anos e ganhou força com o retorno do trabalho presencial. Augusto Bomfim, um dos sócios da fabricante Mcad Offices, diz que hoje vende entre 12 e 15 dessas cabines todo mês. Para o modelo de entrada, com espaço para uma pessoa, o valor começa em R$ 19 mil.</p>



<p>Segundo Bomfim, a cabine entra no conceito do &#8220;open space&#8221;, em alta atualmente e que inclui outros produtos, como os sofás com laterais altas, que permitem maior isolamento.</p>



<h2 class="wp-block-heading"><strong>Sangue novo no coração financeiro</strong></h2>



<p>A mudança no mobiliário está relacionada não só ao novo modelo de trabalho, mas à atenção das empresas aos custos de locação de imóveis comerciais e à menor oferta em algumas áreas disputadas, especialmente em São Paulo. </p>



<p>No fim de abril, o relatório trimestral da Colliers mostrou que a soma da área de escritórios alugada entre janeiro e março em São Paulo foi a maior dos últimos oito anos, superando inclusive a dinâmica do mercado antes da pandemia.</p>



<p>Nas veias mais importantes do coração financeiro – o entorno da Avenida Brigadeiro Faria Lima –, a taxa de vacância abaixo de 10% já começa a puxar o preço médio para cima:</p>



<div class="flourish-embed flourish-map" data-src="visualisation/18515372?1266799"><script src="https://public.flourish.studio/resources/embed.js"></script></div>



<p>Considerando que esse mercado tradicionalmente é mais aquecido na segunda metade do ano, o recorde do primeiro trimestre é um sinal forte de que a retomada do trabalho no escritório seguirá como tendência ao longo de 2024.</p>



<div class="flourish-embed flourish-chart" data-src="visualisation/18431460?1266799"><script src="https://public.flourish.studio/resources/embed.js"></script></div>



<p>A SiiLA, empresa de monitoramento do mercado imobiliário comercial (incluindo escritórios, condomínios logísticos e shoppings), ressalta que a dinâmica varia de acordo com a região. Na Faria Lima, coração financeiro de São Paulo, por exemplo, a recente alta do preço médio levou à saída de várias grandes empresas, que entregaram escritórios ali para gastar menos com aluguel em regiões como as avenidas Rebouças e Chucri Zaidan, e mesmo na região da Avenida Paulista.</p>



<p>Outros indicadores também reforçam a retomada da ocupação nos escritórios. Um levantamento da LCA Consultores com os dados mais recentes do Novo Caged mostra que, das dez atividades que mais geraram vagas formais em abril, quatro estão diretamente ligadas à volta das empresas.</p>



<p>No topo do ranking estão os serviços de escritório e apoio administrativo, com mais de 62 mil novos postos de trabalho no acumulado de 12 meses. Somados aos serviços para apoio aos edifícios, como as equipes de limpeza e segurança, o saldo chega a cerca de 92 mil vagas no período, a quarta alta mensal consecutiva para o acumulado de 12 meses.</p>



<div class="flourish-embed flourish-chart" data-src="visualisation/18460346?1266799"><script src="https://public.flourish.studio/resources/embed.js"></script></div>



<p>Paula Casarini diz que não é só a taxa de escritórios vagos que está caindo: a quantidade de pessoas de fato frequentando regularmente os imóveis já alugados também cresceu de uma média de 35% da lotação máxima para, no fim de 2023, superar os 50% em nove de cada dez imóveis no inventário.</p>



<p>E o trânsito paulistano às sextas-feiras, o dia preferido do home office e que no ano passado ficou mais leve do que em outros dias úteis, em 2024 voltou ao topo, empatado com as quintas-feiras, segundo levantamento até 19 de junho.</p>



<div class="flourish-embed flourish-chart" data-src="visualisation/18515045?1266799"><script src="https://public.flourish.studio/resources/embed.js"></script></div>



<h2 class="wp-block-heading"><strong>Retorno para o &#8216;new office</strong>&#8216;</h2>



<p>A REAG Investimentos, consultoria de gestão de ativos, é uma das empresas que expandiram sua ocupação física nesse ano no coração financeiro de São Paulo. Além de já ser locatária de um conjunto no Plaza Iguatemi Business, uma das torres mais clássicas da Faria Lima, ela agora tem um segundo endereço a 200 metros de distância: é o novo Edifício Bothanic, uma construção de quase 2,4 mil metros quadrados, minimalista e arborizada, que absorveu cerca de 100 funcionários de uma empresa recém-adquirida pela REAG. </p>



<p>Ele é um exemplo daquilo que o mercado passou a chamar de <em>Boutique Offices</em>. Sabe um &#8220;hotel boutique&#8221;? Então. É a mesma filosofia: prédios pequenos, com ambientes bem personalizados. A imagem abaixo fala por mil palavras:  </p>



<figure class="wp-block-image size-large"><img loading="lazy" decoding="async" width="1024" height="560" src="https://media.investnews.com.br/uploads/2024/06/foto2-1024x560.png" alt="" class="wp-image-590077" srcset="https://media.investnews.com.br/uploads/2024/06/foto2-1024x560.png 1024w, https://media.investnews.com.br/uploads/2024/06/foto2-300x164.png 300w, https://media.investnews.com.br/uploads/2024/06/foto2-768x420.png 768w, https://media.investnews.com.br/uploads/2024/06/foto2-1536x840.png 1536w, https://media.investnews.com.br/uploads/2024/06/foto2-1256x687.png 1256w, https://media.investnews.com.br/uploads/2024/06/foto2-172x94.png 172w, https://media.investnews.com.br/uploads/2024/06/foto2-150x82.png 150w, https://media.investnews.com.br/uploads/2024/06/foto2.png 1868w" sizes="auto, (max-width: 1024px) 100vw, 1024px" /><figcaption class="wp-element-caption">Fachada do Edifício Bothanic, nos Jardins. Foto: Reprodução/Google Earth</figcaption></figure>



<p>O contrato de aluguel foi assinado em dezembro, o escritório novinho em folha ficou pronto em junho e já está repleto de funcionários. Diretor e sócio da REAG, Silvano Gersztel já havia trocado o trabalho remoto pelo Plaza Iguatemi no fim da quarentena, em 2022, com os demais funcionários da consultoria. Mas diz que o novo endereço é tão agradável que decidiu descolar um segundo <em>office</em> no Bothanic.</p>



<p>&#8220;É tão bonito que tenho me dividido entre os dois&#8221;, disse ele, ressaltando que a empresa já planeja usar o espaço aberto no térreo para construir um café ou restaurante, considerando que a circulação maior de pessoas de volta ao bairro também aqueceu a demanda por serviços na região. &#8220;A gente quer fazer um espaço híbrido, aberto para a rua, uma coisa que dialogue com a cidade.&#8221;</p>



<p>Do lado de lá das catracas, na área restrita aos funcionários, tanto o escritório recém-projetado quanto o tradicional da REAG já seguem as novas tendências do trabalho presencial.&nbsp;</p>



<blockquote class="wp-block-quote is-layout-flow wp-block-quote-is-layout-flow">
<p>&#8220;A grande novidade são as salas para conference call. Isso veio para ficar, foi adaptado tanto na sede atual quanto nesse novo lugar.&#8221;</p>



<p></p>
<cite>Silvano Gersztel, diretor e sócio da reag investimentos</cite></blockquote>



<p></p>

<p>Locação de escritórios no primeiro trimestre foi a maior em oito anos, com força da volta ao trabalho presencial </p>
